factor of 6059 and 83.
83
Calculate the highest common divisor of 84 and 11228.
28
What is the highest common factor of 84 and 14100?
12
Calculate the greatest common divisor of 37947 and 189.
21
What is the highest common factor of 132 and 73092?
12
Calculate the greatest common divisor of 20 and 388475.
5
What is the greatest common factor of 24 and 360252?
12
What is the greatest common factor of 305 and 19947?
61
Calculate the highest common divisor of 2508 and 964744.
836
Calculate the greatest common divisor of 534 and 1096302.
534
What is the greatest common divisor of 138479 and 2?
1
Calculate the highest common divisor of 127 and 3429.
127
What is the greatest common divisor of 5865 and 2720?
85
Calculate the greatest common factor of 2412 and 320.
4
What is the highest common factor of 2886 and 1313?
13
Calculate the highest common divisor of 219286 and 1494.
166
Calculate the highest common divisor of 451332 and 1764.
252
Calculate the greatest common divisor of 7828 and 350303.
1957
Calculate the highest common divisor of 310290 and 30.
30
Calculate the highest common divisor of 3192 and 66633.
399
What is the greatest common divisor of 8862 and 14?
14
Calculate the highest common factor of 78 and 50947.
13
What is the highest common divisor of 741811 and 49?
49
What is the highest common factor of 680 and 2320?
40
What is the highest common divisor of 35665 and 133?
7
Calculate the highest common factor of 64 and 705344.
64
Calculate the highest common divisor of 1840 and 92240.
80
Calculate the greatest common divisor of 77812 and 42.
14
What is the highest common divisor of 5103 and 25977?
21
Calculate the highest common factor of 21301240 and 8.
8
What is the greatest common divisor of 105 and 582155?
35
Calculate the highest common factor of 850 and 12850.
50
What is the greatest common divisor of 69 and 492729?
69
Calculate the greatest common divisor of 5696 and 2048.
64
Calculate the greatest common divisor of 24 and 72058.
2
What is the highest common factor of 602 and 44142?
14
What is the highest common divisor of 2596 and 28996?
44
Calculate the highest common divisor of 3069672 and 804.
804
Calculate the greatest common divisor of 170205 and 42.
21
Calculate the highest common divisor of 141 and 4371.
141
Calculate the greatest common divisor of 2461 and 14329.
23
What is the highest common factor of 188214 and 91?
13
What is the highest common divisor of 36 and 5553?
9
Calculate the highest common factor of 486 and 110322.
486
What is the greatest common factor of 354 and 218182?
118
Calculate the greatest common factor of 685 and 22468.
137
Calculate the greatest common factor of 331304 and 256.
8
Calculate the highest common divisor of 5654 and 973002.
514
What is the highest common divisor of 14355 and 660?
165
What is the greatest common factor of 1212 and 1931322?
606
Calculate the greatest common factor of 2169 and 2817.
9
Calculate the greatest common divisor of 537 and 15931.
179
What is the highest common factor of 37998 and 1152?
18
What is the highest common factor of 1224 and 50524?
68
Calculate the greatest common factor of 84 and 182889.
21
Calculate the greatest common divisor of 78 and 3081.
39
What is the greatest common factor of 8640 and 405?
135
Calculate the highest common factor of 76332 and 192.
12
Calculate the highest common factor of 168987 and 56.
7
Calculate the greatest common divisor of 37216 and 192.
32
What is the highest common divisor of 28564 and 111?
37
What is the highest common divisor of 6678 and 3551?
53
What is the greatest common factor of 60059 and 145?
29
Calculate the greatest common divisor of 16618 and 490.
14
What is the greatest common factor of 179248 and 51?
17
What is the highest common divisor of 115443 and 36057?
303
Calculate the greatest common divisor of 15997 and 15640.
17
What is the highest common factor of 3502425 and 15?
15
What is the highest common factor of 80 and 965792?
16
Calculate the greatest common factor of 1818 and 3906.
18
Calculate the highest common factor of 329922 and 144.
18
What is the greatest common divisor of 600 and 11720?
40
Calculate the greatest common factor of 492 and 19024.
164
What is the highest common factor of 10291 and 1271?
41
What is the highest common factor of 105 and 18095?
35
Calculate the greatest common divisor of 97449 and 297.
33
Calculate the highest common divisor of 916430 and 5650.
1130
What is the highest common factor of 28 and 1651622?
14
What is the highest common factor of 15255 and 3375?
135
What is the highest common divisor of 1227975 and 25?
25
Calculate the highest common factor of 146 and 916.
2
What is the greatest common divisor of 341 and 23901?
31
Calculate the highest common divisor of 492 and 2724.
12
What is the highest common factor of 83 and 1599659?
83
Calculate the greatest common divisor of 1341 and 63.
9
Calculate the highest common divisor of 1540 and 134288.
308
Calculate the highest common divisor of 9688 and 7168.
56
Calculate the highest common divisor of 1704 and 15144.
24
What is the greatest common factor of 86661 and 1098?
9
What is the highest common factor of 403 and 39703963?
403
Calculate the greatest common divisor of 17862 and 5343.
39
Calculate the highest common divisor of 6675 and 150.
75
What is the highest common factor of 132 and 467247?
33
Calculate the greatest common divisor of 1317120 and 640.
640
Calculate the greatest common divisor of 234934 and 23086.
1358
Calculate the greatest common divisor of 542069 and 11.
11
What is the highest common factor of 10877 and 14304?
149
What is the highest common divisor of 4071 and 208863?
69
Calculate the greatest common factor of 390 and 25285.
65
What is the greatest common factor of 538 and 332753?
269
What is the greatest common divisor of 130179 and 42?
21
What is the highest common divisor of 10985 and 65?
65
Calculate the greatest common divisor of 3962 and 32828.
566
Calculate the highest common divisor of 13699 and 329.
7
What is the highest common factor of 11840 and 259?
37
Calculate the highest common factor of 21 and 51485.
7
Calculate the greatest common divisor of 4896 and 640.
32
Calculate the greatest common divisor of 1610 and 182.
14
What is the greatest common factor of 1950 and 10050?
150
Calculate the greatest common factor of 5005750 and 750.
250
What is the greatest common factor of 96937 and 3604?
53
What is the greatest common divisor of 89454 and 816?
102
What is the highest common divisor of 1500 and 55890?
30
What is the highest common divisor of 154 and 13510?
14
What is the greatest common factor of 7119 and 91?
7
What is the highest common factor of 597647 and 3379?
109
Calculate the greatest common divisor of 329670 and 110.
110
Calculate the greatest common factor of 11224 and 4392.
488
Calculate the greatest common divisor of 1441 and 4037.
11
Calculate the greatest common divisor of 439 and 205.
1
What is the highest common factor of 70 and 36435?
35
What is the highest common divisor of 2717 and 124267?
143
What is the highest common divisor of 2312224 and 2?
2
Calculate the greatest common factor of 69 and 7753185.
69
What is the highest common factor of 50589 and 57013?
803
Calculate the highest common divisor of 914115 and 15.
15
Calculate the greatest common factor of 5170 and 3290.
470
What is the greatest common factor of 28919 and 56?
1
What is the highest common factor of 40 and 285415?
5
Calculate the highest common divisor of 432 and 23922.
54
Calculate the greatest common divisor of 256 and 103232.
64
What is the greatest common divisor of 44339 and 42583?
439
What is the highest common factor of 2248 and 7587?
281
Calculate the highest common divisor of 104 and 3456.
8
Calculate the greatest common factor of 10984 and 56.
8
Calculate the greatest common divisor of 210776 and 8.
8
Calculate the greatest common divisor of 98215 and 65.
65
Calculate the highest common divisor of 11223 and 516.
129
What is the greatest common factor of 15 and 128455?
5
Calculate the greatest common divisor of 212 and 250213.
53
What is the greatest common divisor of 117 and 82953?
117
What is the highest common divisor of 210 and 2240?
70
Calculate the highest common factor of 208 and 80240